2, 3, 113
List the prime factors of 431.
431
What are the prime factors of 523?
523
What are the prime factors of 29273?
73, 401
What are the prime factors of 3205?
5, 641
What are the prime factors of 3593?
3593
List the prime factors of 111041.
7, 29, 547
What are the prime factors of 4370?
2, 5, 19, 23
What are the prime factors of 7061?
23, 307
What are the prime factors of 3821?
3821
List the prime factors of 2090.
2, 5, 11, 19
What are the prime factors of 3427?
23, 149
What are the prime factors of 73373?
239, 307
What are the prime factors of 63808?
2, 997
List the prime factors of 19739.
19739
List the prime factors of 14406.
2, 3, 7
What are the prime factors of 5365?
5, 29, 37
What are the prime factors of 1161?
3, 43
List the prime factors of 23616.
2, 3, 41
List the prime factors of 24635.
5, 13, 379
List the prime factors of 124446.
2, 3, 7, 2963
What are the prime factors of 34355?
5, 6871
List the prime factors of 793.
13, 61
List the prime factors of 44114.
2, 7, 23, 137
What are the prime factors of 75976?
2, 9497
What are the prime factors of 4912?
2, 307
What are the prime factors of 34582?
2, 17291
What are the prime factors of 3059?
7, 19, 23
What are the prime factors of 22235?
5, 4447
List the prime factors of 608.
2, 19
What are the prime factors of 8165?
5, 23, 71
What are the prime factors of 6439?
47, 137
List the prime factors of 1022.
2, 7, 73
List the prime factors of 42036.
2, 3, 31, 113
List the prime factors of 2034.
2, 3, 113
What are the prime factors of 8564?
2, 2141
List the prime factors of 14.
2, 7
What are the prime factors of 16036?
2, 19, 211
What are the prime factors of 881?
881
What are the prime factors of 117869?
311, 379
List the prime factors of 1100.
2, 5, 11
List the prime factors of 1227.
3, 409
What are the prime factors of 90802?
2, 83, 547
List the prime factors of 6238.
2, 3119
What are the prime factors of 6032?
2, 13, 29
List the prime factors of 4535.
5, 907
What are the prime factors of 485?
5, 97
List the prime factors of 30349.
11, 31, 89
List the prime factors of 227.
227
What are the prime factors of 487?
487
What are the prime factors of 68724?
2, 3, 23, 83
List the prime factors of 28400.
2, 5, 71
List the prime factors of 4729.
4729
List the prime factors of 10221.
3, 3407
List the prime factors of 10665.
3, 5, 79
What are the prime factors of 28232?
2, 3529
What are the prime factors of 2635?
5, 17, 31
List the prime factors of 322.
2, 7, 23
What are the prime factors of 8274?
2, 3, 7, 197
What are the prime factors of 98243?
17, 5779
What are the prime factors of 112996?
2, 13, 41, 53
List the prime factors of 4037.
11, 367
List the prime factors of 6254.
2, 53, 59
What are the prime factors of 332?
2, 83
List the prime factors of 813.
3, 271
What are the prime factors of 716?
2, 179
List the prime factors of 15912.
2, 3, 13, 17
List the prime factors of 320.
2, 5
List the prime factors of 433.
433
List the prime factors of 13088.
2, 409
What are the prime factors of 897?
3, 13, 23
What are the prime factors of 5994?
2, 3, 37
List the prime factors of 1081.
23, 47
List the prime factors of 3715.
5, 743
What are the prime factors of 78599?
53, 1483
List the prime factors of 196341.
3, 65447
What are the prime factors of 3780?
2, 3, 5, 7
What are the prime factors of 1891?
31, 61
List the prime factors of 3559.
3559
List the prime factors of 1690.
2, 5, 13
List the prime factors of 1010.
2, 5, 101
List the prime factors of 202.
2, 101
List the prime factors of 1121.
19, 59
What are the prime factors of 535?
5, 107
What are the prime factors of 92?
2, 23
List the prime factors of 709.
709
List the prime factors of 1917.
3, 71
What are the prime factors of 11391?
3, 3797
What are the prime factors of 23870?
2, 5, 7, 11, 31
What are the prime factors of 144?
2, 3
What are the prime factors of 8018?
2, 19, 211
List the prime factors of 447.
3, 149
What are the prime factors of 1892?
2, 11, 43
What are the prime factors of 4045?
5, 809
List the prime factors of 41450.
2, 5, 829
List the prime factors of 583.
11, 53
List the prime factors of 42896.
2, 7, 383
List the prime factors of 326.
2, 163
List the prime factors of 38653.
38653
What are the prime factors of 8959?
17, 31
List the prime factors of 42616.
2, 7, 761
List the prime factors of 9464.
2, 7, 13
List the prime factors of 1395.
3, 5, 31
What are the prime factors of 85440?
2, 3, 5, 89
What are the prime factors of 22935?
3, 5, 11, 139
What are the prime factors of 4022?
2, 2011
List the prime factors of 1330.
2, 5, 7, 19
List the prime factors of 10350.
2, 3, 5, 23
List the prime factors of 2395.
5, 479
What are the prime factors of 3563?
7, 509
List the prime factors of 125.
5
List the prime factors of 10654.
2, 7, 761
What are the prime factors of 1658?
2, 829
What are the prime factors of 76857?
3, 11, 17, 137
List the prime factors of 8630.
2, 5, 863
List the prime factors of 3638.
2, 17, 107
List the prime factors of 23550.
2, 3, 5, 157
What are the prime factors of 3256?
2, 11, 37
List the prime factors of 1779.
3, 593
What are the prime factors of 3292?
2, 823
What are the prime factors of 81707?
81707
What are the prime factors of 6789?
3, 31, 73
What are the prime factors of 47953?
79, 607
List the prime factors of 14336.
2, 7
What are the prime factors of 1876?
2, 7, 67
What are the prime factors of 17864?
2, 7, 11, 29
What are the prime factors of 10716?
2, 3, 19, 47
What are the prime factors of 437?
19, 23
What are the prime factors of 1078?
2, 7, 11
List the prime factors of 74.
2, 37
What are the prime factors of 8461?
8461
What are the prime factors of 1071?
3, 7, 17
What are the prime factors of 1805?
5, 19
List the prime factors of 723.
3, 241
What are the prime factors of 17204?
2, 11, 17, 23
What are the prime factors of 5723?
59, 97
List the prime factors of 4801.
4801
What are the prime factors of 1320?
2, 3, 5, 11
What are the prime factors of 50159?
50159
What are the prime factors of 556?
2, 139
List the prime factors of 528.
2, 3, 11
List the prime factors of 2745.
3, 5, 61
What are the prime factors of 1129?
1129
What are the prime factors of 563?
563
List the prime factors of 122741.
122741
List the prime factors of 92558.
2, 46279
What are the prime factors of 2350?
2, 5, 47
What are the prime factors of 33201?
3, 7, 17, 31
List the prime factors of 1070.
2, 5, 107
List the prime factors of 66350.
2, 5, 1327
List the prime factors of 3455.
5, 691
List the prime factors of 41877.
3, 11, 47
What are the prime factors of 43302?
2, 3, 7, 1031
What are the prime factors of 3684?
2, 3, 307
What are the prime factors of 1705?
5, 11, 31
List the prime factors of 4801.
4801
List the prime factors of 1895.
5, 379
List the prime factors of 4261.
4261
What are the prime factors of 40069?
17, 2357
What are the prime factors of 3530?
2, 5, 353
What are the prime factors of 61525?
5, 23, 107
What are the prime factors of 37281?
3, 17, 43
What are the prime factors of 1027?
13, 79
List the prime factors of 13775.
5, 19, 29
What are the prime factors of 90?
2, 3, 5
List the prime factors of 1653.
3, 19, 29
List the prime factors of 5038.
2, 11, 229
What are the prime factors of 1045?
5, 11, 19
What are the prime factors of 899?
29, 31
List the prime factors of 9934.
2, 4967
List the prime factors of 46998.
2, 3, 7, 373
What are the prime factors of 22078?
2, 7, 19, 83
What are the prime factors of 135281?
135281
List the prime factors of 2576.
2, 7, 23
What are the prime factors of 2960?
2, 5, 37
What are the prime factors of 2621?
2621
List the prime factors of 8208.
2, 3, 19
List the prime factors of 70819.
7, 67, 151
What are the prime factors of 18574?
2, 37, 251
What are the prime factors of 2004?
2, 3, 167
What are the prime factors of 8036?
2, 7, 41
What are the prime factors of 10364?
2, 2591
List the prime factors of 19076.
2, 19, 251
List the prime factors of 28672.
2, 7
What are the prime factors of 2787?
3, 929
What are the prime factors of 18657?
3, 691
What are the prime factors of 402?
2, 3, 67
List the prime factors of 22562.
2, 29, 389
What are the prime factors of 3181?
3181
What are the prime factors of 28959?
3, 7, 197
List the prime factors of 1091.
1091
What are the prime factors of